 -0*h. Give k(h).
-2
Let l(p) = -p**3 + 13*p**2 - 19*p - 28. Let w be l(11). Let r(x) = w*x - 1114 + 538 + 557. Determine r(6).
11
Let k(u) = -u**3 - u**2 + 91*u - 3. Let v be -4 - (-7)/(-35)*-5*13. Determine k(v).
6
Let j(h) be the first derivative of h**4/8 - 2*h**3/3 - 45*h**2 + 26. Let w(v) be the second derivative of j(v). Calculate w(-6).
-22
Let x(w) = -9*w + 127. Let c(f) = 25*f - 358. Let o(r) = 6*c(r) + 17*x(r). What is o(4)?
-1
Let f = -6 - 2. Let c(t) = -11*t**2 + 13*t. Let w(v) = -8*v**2 + 13*v + 3. Let j(r) = 3*c(r) - 4*w(r). Give j(f).
28
Let v(j) = j**2 + 10*j + 1. Suppose 4*l - 4*y = -36, 16 = -3*l - 2*y - 21. Give v(l).
12
Let m(o) = o**3 + 9*o**2 - 3*o - 1. Let v be m(-9). Suppose -l = -q - 6*l + v, 5*l = 2*q + 8. Let z(r) = 7*r + 2 - 1 - q*r + 1. Give z(5).
7
Let s(m) = 2*m**2 + 26*m + 59. Let a be s(-3). Let q(u) = 6*u**2 - 3*u. What is q(a)?
9
Let a(k) be the second derivative of -k**3/6 - 31*k**2/2 + 1806*k. What is a(-15)?
-16
Let n(r) be the first derivative of r**4/4 - r**3/3 - r**2/2 + 29*r - 4. Let l be 7/(-2)*(-3)/14 - 45/60. Give n(l).
29
Let w(y) be the third derivative of 0*y + 11*y**2 - 1/2*y**3 + 0 - 1/60*y**5 + 1/6*y**4. What is w(2)?
1
Let d(q) = -q. Suppose 5*s + 25 = 0, 3*r - s = -47 - 53. Suppose -5*i - 56 = 89. Let v = r - i. Calculate d(v).
6
Suppose -2*n = 3*n - 20. Suppose -5*c - 13 = -2*s, 0 = 4*c - 5*s + n + 3. Let i(z) be the second derivative of -z**3/6 + z**2/2 - 85*z. Determine i(c).
4
Let c(o) = -5*o**2 - 11*o**2 + 16 + 13*o**2 + 14 + 2*o**2. Calculate c(-10).
-70
Let k(w) be the second derivative of -w**3/6 + 2*w**2 - 21*w - 29. Let m = -13 - -15. What is k(m)?
2
Let u(k) = -198 - 18*k - 9*k - 20*k + 41*k. What is u(-33)?
0
Let j(b) be the first derivative of -2*b + 2 + b**2 - 3 - 4*b. Let z(a) = 6*a**2 + 8*a - 4. Let k be z(-2). Calculate j(k).
2
Let t(w) = -13*w - 49. Let y(b) = -2*b - 15. Let d(f) = -t(f) + 4*y(f). Determine d(6).
19
Suppose 3*p = 5*p + 4. Let i = -797 + 799. Let j(r) = -2 - 6*r**i + 5*r**2 + 3*r**2 - 2*r**2 + 2*r**2. Calculate j(p).
6
Let y(c) = -4*c - 5 - 1 + 2 - 3. Let f be y(-3). Let z(r) = 2*r - r + 19 - f. Determine z(-9).
5
Let y = 8661 - 8640. Let x(q) = -q**2 + 11*q + 199. Determine x(y).
-11
Let i be 4 - 3/1 - -1. Let p(k) = -10*k + 2*k**i + 12*k - 5 + 2. Let t(n) = 6*n**2 + 7*n - 10. Let j(w) = 7*p(w) - 2*t(w). Give j(1).
1
Let s(n) = -n**3 - n**2 + 4*n + 3. Suppose -455 + 379 = 19*y. Calculate s(y).
35
Let w(h) = -3*h + 34. Let a = 130 - 126. Suppose 0 = v - a, 3*p - 25 = v + v. What is w(p)?
1
Let g(z) = z**2 - 24*z + 42. Let y be (-60)/50 + (-261)/30*(-32)/12. Give g(y).
-2
Suppose -4*o + 26 = -2*u, -28*u = -24*u + 3*o - 14. Let l(f) = 4*f**2 - 4*f - 6. Determine l(u).
2
Let g(l) = 77*l**2 - 9*l - 7. Let m(q) = 43*q**2 - 4*q - 3. Let o(k) = -5*g(k) + 9*m(k). Let t = 5 + -11. Calculate o(t).
26
Let j(p) be the second derivative of -p**5/20 + 5*p**4/6 - p**3/3 + 12*p**2 - 184*p + 17. What is j(10)?
4
Suppose -4*c - 32*w = -29*w - 9, c - 2*w - 5 = 0. Let s(d) = -9*d - 11. Let k(f) = 4*f + 5. Let g be (2/3)/((-4)/(-42)). Let q(r) = c*s(r) + g*k(r). Give q(-2).
0
Let v be 6/(0 + (-18)/12). Suppose -11*q = -7*q - 176. Let x(g) = 6 - 46*g - 4 - 2*g**2 + q*g - 1. Calculate x(v).
-23
Let t(k) = k**3 - 4*k**2 - 6*k + 5. Let c be (-384)/(-14) + (-57)/133. Let v = -5 + c. Suppose 2*a + 4*y = v, 8 = -3*a + 7*a - 4*y. Calculate t(a).
0
Let z(c) = c**3 - 7*c**2 + 9*c - 10. Let j(d) = d**3 + 29*d**2 - 11*d**2 - 25*d**2 + 7*d - 11. Let p(a) = 4*j(a) - 3*z(a). What is p(7)?
-7
Let b = -14023 + 14027. Let m(g) = 2*g**3 - 9*g**2 - 4*g + 35. Give m(b).
3
Suppose -3*q = -j - 13, -5*q + 5*j + 127 - 92 = 0. Suppose 708 = -q*b + 669. Let h(o) = -o**3 - 14*o**2 - 13*o + 1. Determine h(b).
1
Let c(q) = q**2 + 2*q + 14. Let x(l) = -6*l**2 - 8*l - 71. Let n = 378 - 380. Let w(h) = n*x(h) - 11*c(h). What is w(6)?
-12
Let v be ((-3)/(-18)*2)/((-69)/1242). Suppose 2*d = 2*c + 4, -4 = -3*d + 5. Let x(p) = 4*p**2 + 2*p**2 + c + p**3 + 3*p**2 - 3*p**2. Determine x(v).
1
Let q(z) = -45*z**2 - 10*z - 23. Let r(c) = -13*c**2 - 3*c - 8. Let b(l) = -2*q(l) + 7*r(l). What is b(-9)?
-82
Let w(n) = 7*n + 2. Let o be (-8)/32 + (-68)/(-16). Suppose 0 = 3*x + 4*b - 10, o*x = b - 12. Give w(x).
-12
Let t(s) = -62*s + 2 + 88*s - 40*s + s**3 - 15*s**2 - 27. Give t(16).
7
Let n(m) = -m**2 - 3*m. Suppose 4*i - 2 = 2*o, -o = 3*o - 2*i - 2. Let z be (-1 - 6) + o + 3. What is n(z)?
0
Let i(x) = 16*x - 23*x + 10*x - 27. Suppose 0 = 6*d - 61 + 13. Give i(d).
-3
Let z(f) = -205*f + 130. Let d(q) = -114*q + 65. Let u(r) = 7*d(r) - 4*z(r). Calculate u(3).
1
Suppose -y + 5*s - 5 = 0, -5*y + 5*s - 5 = -0*s. Suppose n = y, 2*r = 4*r - 4*n + 12. Let q(d) = -d**2 - 4*d - 8. What is q(r)?
-20
Let l(b) = -11*b**2 + b - 6. Suppose z = a - 6*a - 9, 0 = -4*a - 12. Let t(m) = 9*m**2 - 2*m + 5. Let g(n) = z*t(n) + 5*l(n). Give g(-8).
-8
Let n(u) = -5230*u - 2*u**2 - 2*u**2 - u**2 + 4*u**2 + 5220*u - 32. Give n(-5).
-7
Let t(f) = -2*f**3 - 4*f**2 + 2*f + 6. Let r = 19005 + -19007. Determine t(r).
2
Let h be -2*(-2)/(-5)*((-609)/28 + 13). Let m(z) = -3*z**2 + 3*z + 3. Let k(c) = -16*c**2 + 14*c + 15. Let i(g) = 2*k(g) - 11*m(g). Give i(h).
11
Let x = 213 + -208. Suppose x*m + 10 = 4*k, 0 = -4*k + k. Let n(b) = 6*b**2 + 2*b - 2. Determine n(m).
18
Let x(m) be the third derivative of -5*m**4/24 + 17*m**3/6 + 4*m**2 - 298*m + 3. Let n be ((-64)/(-12))/(6/9). Give x(n).
-23
Suppose -817 + 1073 = -16*q. Let v(t) = -t - 9. Calculate v(q).
7
Let l(b) = -37*b**2 - 73*b - 42. Let q(k) = 13*k**2 + 25*k + 14. Let z(n) = -37*n - 94. Let t be z(-3). Let h(m) = t*q(m) + 6*l(m). Give h(-12).
-2
Let b(n) = -3*n**2 - 484*n - 7. Let l(y) = -y**2 - 121*y - 1. Let z(h) = b(h) - 4*l(h). Suppose -6*g + 10*g = -12. Calculate z(g).
6
Let d(n) = 71*n**2 - 13*n - 1. Let f(a) = 200*a**2 - 41*a - 2. Let p(x) = 17*d(x) - 6*f(x). Give p(-4).
7
Suppose 7*p = -2*h + 5*p + 8, -5*p = 4*h - 21. Let j be (-28)/6 + (-1)/3. Let b(d) = -8*d - 1. Let s(f) = -8*f - 1. Let c(m) = j*b(m) + 6*s(m). What is c(h)?
7
Let w(u) = -67*u**2 - u - 1. Let n(z) = 46*z - 3773. Let q be n(82). Calculate w(q).
-67
Let n(w) be the third derivative of w**5/20 + 5*w**4/8 - 31*w**3/6 + 1261*w**2. Give n(-9).
77
Let v(p) = 5*p - 48. Suppose -20 + 4 = -4*b, -n + 4*b = 3. What is v(n)?
17
Let q be (-6)/4*(-12)/18. Let x(h) = 4 - 8*h - q - 5. Let f = 1932 - 1935. Calculate x(f).
22
Let s = 44 + 36. Suppose 0 = s*k - 86*k + 30. Let z(w) = w**2 - 4*w - 7. What is z(k)?
-2
Let n(x) = 113 - 94 - 49*x + 39*x. What is n(5)?
-31
Let y(m) = -7*m + 17. Suppose -3*j - j = -5*o - 32, 4*j + 5*o = -8. Let x(k) = 5*k - 16. Let v(n) = j*x(n) + 2*y(n). Let z = 18 + -18. Determine v(z).
-14
Let z(x) = 5 + 854*x**2 - 7*x - 2 - 10 - 853*x**2 + 6. Suppose -2*k + 3 + 3 = 0. Suppose 4 + 6 = k*o + 2*a, 2 = -o - 2*a. What is z(o)?
-7
Let l(t) be the third derivative of t**4/24 + 5*t**3/2 + 91*t**2 + 1. Calculate l(1).
16
Let t(d) be the first derivative of 3*d**2 - 9*d - 5/6*d**4 + 1/20*d**5 + 24 + 0*d**3. Let y(s) be the first derivative of t(s). Give y(10).
6
Let m(t) be the first derivative of -t**2 - 53*t + 520. What is m(-25)?
-3
Let r(u) = u**3 - 20*u**2 - u + 15. Suppose 100 = 816*k - 811*k. What is r(k)?
-5
Suppose -21 = -5*m + 9. Let v(t) be the first derivative of -7/3*t**3 - 3*t - 204 + 1/4*t**4 + 3*t**2. What is v(m)?
-3
Let f(o) be the third derivative of -o**5/60 + 13*o**4/12 + 47*o**3/6 + 67*o**2 - 6*o. Determine f(20).
167
Suppose -17*s + 7*s = -50. Let z(c) = 1 + 4*c - 2 + 5*c - s*c. Let i = 4 + -3. Determine z(i).
3
Let w(b) be the third derivative of b**8/6720 + b**7/280 + b**6/80 - 3*b**5/40 + 15*b**4/4 + 5*b**2. Let n(m) be the second derivative of w(m). What is n(-7)?
26
Let o(j) = 312*j - 610*j + 16 - 13*j**2 + j**3 + 316*j. Give o(9).
-146
Suppose 0 = -v + r + 3, -1 - 8 = -4*v + 5*r. Let g(f) be the first derivative of 0*f + 0*f**2 + 75 - 1/4*f**4 + 2*f**3. Give g(v).
0
Let o(k) = 11*k + 107. Suppose 497*q = -54*q - 4959. What is o(q)?
8
Let h(w) = -w**2 - w - 1. Let o(p) = -7*p**2 - 6*p - 5. Let m(y) = -6*h(y) + o(y). Let f(k) = 53*k - 2. Let r be f(0). Calculate m(r).
-3
Let o(y) = y + 1 + 1 - 1. Let h be 26/7 - 56/(-196). Suppose -b - 12 = -5*j + 1, -2*j - 8 = h*b. What is o(j)?
3
Let w(